 the remainder when 43 is divided by j?
13
Let s(u) be the second derivative of u**5/10 - u**4/6 - u**3/6 + 2*u**2 + u. Calculate the remainder when s(3) is divided by 10.
7
Let w = 15 - 7. Let p = -1 + w. Suppose -35 + 11 = -2*j. What is the remainder when j is divided by p?
5
Suppose 0 = 2*k - v - 8, -2*v = -k + 4 + 6. Suppose -2*p = -p - 32. Calculate the remainder when p is divided by (-22 - 0)*k/(-4).
10
Suppose 3*l = -3*i + 18, 0 + 2 = l. Suppose 2*n = -i*t + 30, -2*n = -n + t - 11. Calculate the remainder when 13 is divided by n.
6
Let a = 9 + -7. Let g be 5*-1*(-1 - -4). Let i = a - g. What is the remainder when i is divided by 6?
5
Let d = 3 - 1. Let v be (2/6)/(4/36). Calculate the remainder when d is divided by ((-3)/(-9))/(v/9).
0
Let z(h) = 5*h + 20. What is the remainder when 223 is divided by z(5)?
43
Suppose o + 39 = 5*q - 0*o, -q - 13 = 5*o. Let t = -4 + q. Suppose t = u - 22. What is the remainder when u is divided by 9?
7
Suppose -3*v - 3*y = 2*v - 103, v = -y + 21. What is the remainder when v is divided by 16?
4
Let a be ((-48)/(-30))/(2/180). Suppose 5*i = a + 6. Calculate the remainder when i is divided by 8.
6
Suppose 0*f = -3*f - 2*w - 7, 0 = 5*f - 3*w - 1. Suppose -4*s + 43 = -37. Calculate the remainder when s is divided by 29/4 - f/(-4).
6
Suppose 347 = -9*w + 1067. Suppose 4*y - 5 - 7 = 0. Suppose -c = y*c - w. What is the remainder when 59 is divided by c?
19
Suppose -4*h + 124 = -2*h. Suppose h = 2*s + 5*f - 55, 3*s + 4*f - 193 = 0. What is the remainder when s is divided by 24?
23
Suppose 5*u = 6*u - 9. Suppose 5*d - 4*r = 27, 2*d + 2*r = 9 + u. Calculate the remainder when 34 is divided by d.
6
Let w = -18 + 30. Suppose -7*t + 4*t = v - 19, 4*v = t - 15. Calculate the remainder when w is divided by t.
5
Suppose i - 4*d + 8*d = 36, 0 = -4*d + 12. Suppose -f - 3 = -2. What is the remainder when i is divided by f*(10 - 1)*-1?
6
Suppose 566 = 3*l - 4*i, 0*i - 188 = -l + i. What is the remainder when 23 is divided by (-12)/42 - l/(-14)?
10
Calculate the remainder when (-2559)/(-27) + (-2)/(-9) is divided by 24.
23
Suppose -30 = -5*h + 35. Calculate the remainder when 50 is divided by h.
11
Suppose -10 = 2*g - 4*g. Suppose v - g*v = 32. Let q = 4 - v. Calculate the remainder when q is divided by 7.
5
Suppose -2 = -2*j + 18. Suppose q = 4*b - j, -4*q - 2*b - 2*b + 40 = 0. Calculate the remainder when 9 is divided by q.
3
Suppose -5*a - 56 = -306. Let j(h) = -h + 4. Let i be j(0). What is the remainder when a is divided by (-6)/i + 37/2?
16
Let l(n) = -2*n + 1. Let o be l(3). Let s(k) = -3*k - 4. Let m be s(o). Let b = m - -2. Calculate the remainder when b is divided by 5.
3
Suppose 5*c - 31 = -3*f + f, -2*f = 2*c - 34. Let n = 12 - 2. Calculate the remainder when f is divided by n.
8
Let t(c) = 2*c + 3 - 4*c - 5. Let n be t(-2). Suppose 4*k + 30 = n*h, 0 = -4*h + 2*k + 106 - 28. What is the remainder when h is divided by 11?
10
What is the remainder when 11 is divided by 5 + (-1 - (-4 + 1))?
4
Suppose 3*g - 3 = 9. Let k(o) = o**2 - 3*o + 2. Let x be k(g). Let z = x - -12. What is the remainder when z is divided by 10?
8
Let w be 1/((-16)/(-12) - 1). Suppose -w*m + 85 = 2*m. Let u = 13 - 8. What is the remainder when m is divided by u?
2
What is the remainder when (-1)/(-3) + 80/3 is divided by 4?
3
Calculate the remainder when 104 is divided by 3/(1/5*33/77).
34
Let c = 13 - 2. Calculate the remainder when 20 is divided by c.
9
Suppose 2*i - 13 = -9. Let y = 1 - 3. Let w = y + 4. What is the remainder when w is divided by i?
0
Let a(w) = w. Let l(r) = r**2 + 12*r - 14. Let t(i) = -4*a(i) + l(i). What is the remainder when 2*18 + (-3)/(-3) is divided by t(-11)?
18
Suppose 45 + 111 = 4*h. What is the remainder when 75 is divided by h?
36
Suppose 4*f = -4*o + 112, -4*o + 140 = 2*f + 3*f. Calculate the remainder when f is divided by 13.
2
Suppose s = -4*s + 110. Suppose -2*l + 0*l = -s. Let p(j) = -j**3 - 3*j**2 + 6*j. Calculate the remainder when p(-5) is divided by l.
9
Suppose 36 + 4 = 2*c. Calculate the remainder when 97 is divided by c.
17
Suppose -13*d + 12*d = -4. Suppose -h - d + 14 = 0. What is the remainder when 29 is divided by h?
9
Let t = 10 + -5. Suppose -4*u = -2*o + 60, t*u = 5*o + 3*u - 150. What is the remainder when o is divided by (-2)/(-6) - 47/(-3)?
14
Let n = -16 - -35. What is the remainder when 37 is divided by n?
18
Calculate the remainder when ((-4)/6 + 1)*0 - -67 is divided by 17.
16
Let q(d) = 3*d**3 + d - 1. Suppose t = 3*t - 28. Suppose -t = -6*h + 4*h. Calculate the remainder when h is divided by q(1).
1
Let t = -36 - -55. What is the remainder when 108 is divided by t?
13
Let u(z) = z - 6. Let d be u(9). Let f = d + 20. Calculate the remainder when f is divided by 12.
11
Let j = 3 - 33. Let o = 50 + j. What is the remainder when 78 is divided by o?
18
Let u = -25 - -42. Suppose 5*s - 2*d - 51 = 0, 5*s = -4*d - 20 + 53. What is the remainder when u is divided by s?
8
Suppose 11*u = 6*u + 170. Calculate the remainder when u is divided by 13.
8
Suppose -2*w - w - 75 = 0. Calculate the remainder when 25 is divided by 15/w - 96/(-10).
7
Let r(z) = z**3 + 5*z**2 + 7*z + 6. Let g be r(-4). Let o(t) = -6 + 0 + 2*t**2 + 6*t - 3*t - t**2. What is the remainder when o(g) is divided by 7?
5
Let o = 41 + -16. Calculate the remainder when 97 is divided by o.
22
Let p(g) = -g**2 - 19*g - 9. What is the remainder when p(-18) is divided by 2?
1
What is the remainder when 52 is divided by (1 - 1) + 247/13?
14
Suppose -2*h + 0*h = -20. Calculate the remainder when 48 is divided by h.
8
Suppose -14 = -2*p - 2*h, -2*h = 3*p - 6 - 15. Let z = p + -2. Suppose -z*g + 26 + 19 = 0. What is the remainder when g is divided by 6?
3
Suppose 2*c + 4*m = 4, -2*m = -4*c + 3*m + 47. Let s = 43 + -14. Calculate the remainder when s is divided by c.
5
Let p = 85 + -79. What is the remainder when 15 is divided by p?
3
Let b(v) = 10*v + 2*v - 8*v - 7. What is the remainder when b(5) is divided by 5?
3
Let t be (0 + 2)*-1 + 4. Let b(k) = -k**3 - 2 - 3*k - 2 + 4*k**t + k**2. What is the remainder when b(3) is divided by 3?
2
Suppose 3*x + 2*v = -41, -2*x - 2*v + v = 28. Let h = x + 31. Let f(j) = -8*j**3 + j**2 + j + 1. What is the remainder when h is divided by f(-1)?
7
Let t be -1 - (0 + (-9)/(-3)). Let h be (-10)/t*(-18)/(-15). Suppose 7 = h*k + l - 3, -13 = -4*k - l. What is the remainder when k is divided by 1?
0
Let l(y) = y**2 + 3. Let c be l(0). Suppose 43 = p + c*j, -5*p = 5*j - 10*j - 115. Suppose -a = -5*a + p. What is the remainder when 12 is divided by a?
5
Suppose -c - 26 = -h - 4, -3*c - 9 = 0. Calculate the remainder when h is divided by 7.
5
Suppose -4*b = -3*v + 41, -b = v + 1 - 3. What is the remainder when v is divided by 6 + -2 - (1 - 0)?
1
Let d = 176 - 125. Suppose -5*t - 3 = -r, -r - 5*t - 55 = -6*r. What is the remainder when d is divided by r?
12
Suppose 42 = 4*j + 5*c, -2*c = -0*c + 4. Suppose 3*r = 44 + j. Calculate the remainder when 55 is divided by r.
17
Let g = 0 + 3. Suppose 0*h - d - g = -2*h, -4*d + 4 = 0. What is the remainder when 38 is divided by (104/(-16))/(h/(-4))?
12
Suppose 2*i - 3*b = 4*i - 36, -3*b + 72 = 4*i. Calculate the remainder when 51 is divided by i.
15
Calculate the remainder when 115 is divided by (182/(-7) + -3)*(0 + -1).
28
Let v(j) = j + 16. What is the remainder when 32 is divided by v(-5)?
10
Suppose -g + 2*g + 12 = 0. Let k = -8 - g. Calculate the remainder when 14 is divided by k.
2
Let z(v) = 3*v**2 + 3*v - 3. What is the remainder when 89 is divided by z(2)?
14
Calculate the remainder when (6 + -5)*(42 + -3)/3 is divided by 8.
5
Let t = 16 + -14. What is the remainder when 1*86*t/4 is divided by 11?
10
Let t = -11 - -23. Let p = -2 - -25. Calculate the remainder when p is divided by t.
11
Suppose 3*h + 3*k - 5*k = 0, -3*h = -5*k. Suppose 5*n - 3*n - 14 = h. What is the remainder when 17 is divided by n?
3
Suppose 90 = -y - 0*y - 4*x, 3*x + 87 = -y. Suppose 2*c + 1 = 23. Calculate the remainder when 15/10 - y/4 is divided by c.
10
Suppose 2*b + 8 = 2*z - 0*z, -3*b = 5*z - 36. Calculate the remainder when 8 is divided by z.
2
Let y(q) = 2*q**2 + 4*q. Let x be y(-3). Let n = 11 - x. Suppose 4 = -3*k + n*g, 6*k = 3*k + g + 4. What is the remainder when k is divide